2. Let d = h + -33. What is the units digit of d?
4
Let v(c) be the third derivative of c**4/24 + 4*c**3/3 - 2*c**2. What is the tens digit of v(6)?
1
Let s = -3 + 5. Let u(o) = -4 + 4*o - s*o - 3*o. What is the units digit of u(-8)?
4
Suppose -5 = 4*z - s - 1, 0 = -2*s - 8. What is the tens digit of z*(-3 - 10)*1?
2
Suppose -b = 4*q + 15, 2*q - 3*q + 9 = -4*b. Let s be (-2)/b*15/(-10). What is the tens digit of s/2 + (-50)/(-4)?
1
Suppose b - 5*x + 0*x - 67 = 0, x = 0. What is the tens digit of b?
6
Let p = 111 + -2. What is the units digit of p?
9
Let t(p) = 5*p - 16. What is the tens digit of t(9)?
2
Let m(a) = 2*a**2 - 3 - 5*a**2 + 8 + 5*a + 2*a**2. What is the units digit of m(4)?
9
Suppose 2*l = 4*z + 410 + 48, -2*z = -6. What is the tens digit of l?
3
Let t = -105 - -153. Let j = t - 24. What is the tens digit of j?
2
What is the units digit of 117/(-39)*((-20)/6)/2?
5
Suppose 0 = 3*v - 5 - 160. What is the units digit of v?
5
Let l(y) = -18*y - 4. What is the tens digit of l(-2)?
3
Let l be (-3)/(-2)*8/3. Let h = l + -4. Suppose 4*d - 3*w - 19 = h, -5*w + 2 + 5 = 3*d. What is the units digit of d?
4
Suppose -219 = 4*u - 15. Let o = u - -79. What is the tens digit of o?
2
Let j be (-8 + -2)*1/(-2). Suppose -f + j*f - 108 = 0. What is the tens digit of f?
2
Let g(h) = -4*h - 6. Let r = -3 - 0. Let x = -8 - r. What is the units digit of g(x)?
4
Let l(f) = -13*f + 2*f + 11*f**2 + 2*f**2 - f**3. What is the units digit of l(12)?
2
Suppose 8*j = 7*j + 7. Let f(g) be the first derivative of g**4/4 - 8*g**3/3 + 9*g**2/2 + 7*g - 1. What is the units digit of f(j)?
1
What is the units digit of (3 - 7/3)/((-3)/(-1017))?
6
Suppose 3*k = -4*l + 278, -4*k + 0*k + 3*l + 354 = 0. What is the units digit of k?
0
What is the units digit of (1*4)/(24/492)?
2
Let f(l) = l**3 - 1. Let i be f(-1). Suppose 4*c = 47 - 19. What is the units digit of i*1/(-2)*c?
7
Suppose -6 = v - 3*v. Suppose 0*b = b - v. What is the units digit of b?
3
Suppose -4*d = -3*g - 650, 0 = -6*d + d + 5*g + 810. What is the units digit of d?
4
Suppose -3*j = 5*i - 5, -j + 3*i - 3 = -0. Suppose 0 = -b - j + 4. What is the units digit of b?
4
Suppose -67*b + 549 = -64*b. What is the units digit of b?
3
Let b = -129 + 212. Suppose 3*y = 5*w - b, 0 = -0*y + 3*y - 12. What is the units digit of w?
9
Let x(v) be the third derivative of v**4/6 + v**3/6 + 5*v**2. What is the units digit of x(1)?
5
Let i be -8 - 0*(-1)/(-2). Let d = 11 + i. Suppose -w + d*g + 4 = -5, -36 = -4*w - 3*g. What is the units digit of w?
9
Suppose 4*i + b - 28 = 0, -56 = -5*i - 3*b - 14. What is the units digit of (27/i + -3)*2?
3
Suppose 4*y - 54 = 2*y. Suppose -5*n + y = 7. What is the units digit of n?
4
Let g = 12 - 0. What is the tens digit of (8/g)/((-2)/(-39))?
1
Let j(c) = -c**3 + c**2 - 2*c + 1. Let u be j(1). What is the tens digit of (-3 + 11/u)*-1?
1
Let l = 7 + 0. Let h = 2 - l. What is the units digit of (-22)/((2 - -1) + h)?
1
Suppose 2*f = 4*r + f - 152, 4*r - 2*f = 156. What is the units digit of r?
7
Let c(z) = -z**2 + z - 8. Let a be c(0). Let d = -3 - a. Suppose d*y + 0*y = 30. What is the units digit of y?
6
Suppose t = -0*t - 13. Let g(v) = v**3 + v**2 + v + 28. Let f be g(0). Let i = t + f. What is the units digit of i?
5
Let b = -7 + 49. What is the tens digit of b?
4
What is the hundreds digit of (2 + 107)/((-11)/(-22))?
2
Suppose 39 = i - 2*h, 80 = 2*i - 3*h - 2*h. Let j = i + 9. What is the tens digit of j?
4
Let m be (37 - -3 - 3) + 2. Let b = -2 - -2. Suppose 3*j = 3*a + m, -4*a = -b*a + 20. What is the units digit of j?
8
Let a(t) be the first derivative of -5*t + t**2 + 1 + 0*t**2 - t. What is the units digit of a(6)?
6
Let k = 55 + -33. Suppose 0 = -3*f - 7 + k. Suppose 0 = 3*j + f - 20. What is the units digit of j?
5
Let b(w) = 15*w + 5. Let j be b(4). Let s = j - 39. What is the units digit of s?
6
Let u = -4 + 1. Let o = u + 6. What is the units digit of o?
3
Suppose -11 = -5*n + 9. Let b = 2 + 2. Suppose -48 = -b*i - n. What is the units digit of i?
1
Let s = -8 - 2. Let k(y) = -y - 3. What is the units digit of k(s)?
7
Let x(o) = 4*o**2. Let v be x(1). Suppose v*g = 35 + 1. What is the units digit of g?
9
Let c(r) = r**3 - 7*r**2 + 6*r - 5. Let g be c(6). Let h(b) = 6*b**2 - 4*b + b**3 - 2*b**2 - b + 4 + 0*b**3. What is the units digit of h(g)?
4
Suppose -5*u = -5*i - u + 355, -5*u = 5*i - 400. What is the units digit of i?
5
Suppose -4*w + 3*f - 44 = 14, 0 = -5*f + 10. Let t = -12 - w. What is the units digit of t?
1
Let p be (3/(-2))/((-2)/8). Let d = 0 + p. What is the units digit of d?
6
Let y = 24 + -16. Let j be (-3)/(3/6*-2). Suppose j*n = y*n - 105. What is the tens digit of n?
2
Let q(p) = 3*p + 21. What is the units digit of q(10)?
1
Suppose -271 = -3*v - 2*f, v + v = f + 169. Let u = v + -43. What is the units digit of 124/u + 2/11?
3
Let h(k) = -k**2 + 3*k. Let p be h(4). Let z(f) = f**2 + f - 5. What is the units digit of z(p)?
7
Let d = 3 - 3. Suppose d*b - 3*b = -18. What is the units digit of b?
6
Let b(c) = 3*c + 6. Let j be b(5). Suppose 0 = -3*p + j + 3. What is the units digit of p?
8
Let p(u) = -u**3 - 6*u**2 - 3*u + 4. Let k(l) = l**2 + 5*l - 6. Let b be k(-5). Let n be p(b). Suppose -4*v = -6 - n. What is the units digit of v?
7
What is the tens digit of 2*36/10*5?
3
What is the units digit of 33 - (2 - (-1 - -3))?
3
Let a be ((-56)/(-42))/((-4)/(-54)). What is the units digit of 6/9*a/4?
3
Let u = 23 + -14. Suppose -25 = 5*y, -k - u = -0*k + 5*y. What is the tens digit of k?
1
Let s(r) = -11 - 6*r + r + 3*r. Let d be s(-8). Suppose 0 = d*g + 23 - 78. What is the tens digit of g?
1
Let n(o) = o**2 - 7*o + 6. Suppose 18 = 2*s + 4. What is the units digit of n(s)?
6
Suppose 98 = 3*s + 35. Suppose -7*j - n + s = -3*j, 2*j - n = 15. What is the units digit of j?
6
Suppose -5*b = -4*m + 617, -3*m = -5*m + 5*b + 321. What is the tens digit of m?
4
Let y(s) = 8*s. Let o(l) = l**3 + 7*l**2 + l + 8. Let x be o(-7). Let j = 2 - x. What is the units digit of y(j)?
8
What is the units digit of -1 - -4 - 16*(-2 + 1)?
9
Let r(f) = -4*f**3 + 4*f**2 - 8*f - 9. Let x(a) = -a**3 - a - 1. Let y(t) = -r(t) + 5*x(t). Let q be -2*(-3)/6*-5. What is the tens digit of y(q)?
1
Suppose -20 = -2*g - 2*g. Let s(r) be the second derivative of r**5/20 - 5*r**4/12 + 5*r**2/2 + r. What is the units digit of s(g)?
5
Let b be 8 - (1 + 0 - 1). Let k = -17 - -30. Let m = k - b. What is the units digit of m?
5
Let s(k) = -4 - k + 2 + 0*k - 3*k**2 - k**3 + 4*k. What is the units digit of s(-4)?
2
What is the units digit of 528/9 - 14/21?
8
What is the units digit of (-45)/(-15) - -56*1?
9
Let h = -8 + 11. Suppose -5*v + 2 = -2*m + h, -4*m = -v - 11. Let s(u) = u**2 - u - 4. What is the units digit of s(m)?
2
Suppose 4*s + 5*q + 523 - 5 = 0, 5*q + 645 = -5*s. Let z = -76 - s. What is the tens digit of z?
5
Suppose -29*g + 10*g = -19. What is the units digit of g?
1
Let x(u) be the first derivative of -3*u**2/2 - u + 5. Let r be (-4)/(-10) - (-17)/(-5). What is the units digit of x(r)?
8
Let q = -11 - -5. Let h = 2 + q. Let s = 4 - h. What is the units digit of s?
8
Suppose -c + 2 = -1. Let w be (2/(-6))/((-1)/c). What is the units digit of (1 + 7/1)/w?
8
What is the units digit of (-35)/(-1) + 0/(-1)?
5
Let t(i) = 54*i. Let c be t(1). Suppose -26 = -4*f + c. What is the tens digit of f?
2
Let m(w) be the first derivative of -1/3*w**3 + 8*w + 6*w**2 + 1. What is the units digit of m(11)?
9
Let d = 48 + -32. What is the tens digit of d?
1
Let x(o) = o**3 - 5*o**2 + 6*o + 3. What is the units digit of x(5)?
3
What is the units digit of 18/(-7) - (-36)/63 - -12?
0
Let o(l) = -7*l + 52. What is the units digit of o(7)?
3
Suppose -2*s + 5*u + 66 + 33 = 0, -2*s = 4*u - 126. What is the tens digit of s?
5
Let a(b) be the third derivative of b**5/60 + b**4/6 - b**3/2 - b**2. Let i(q) = q**2 - 13*q + 14. Let h be i(12). What is the units digit of a(h)?
9
Suppose -26 = -2*l + 5*c, 3*l = 2*l - 3*c + 13. What is the tens digit of l?
1
Let l = 10 + -4. Let n be (-1 + -2)*16/l. What is the units digit of (-3)/(-1 - 2/n)?
4
Suppose -4*p - 75 + 1115 = 0. What is the tens digit of p?
6
Suppose 0 = -3*d - 4 + 13. Let b = d + 1. Suppose b*g - 42 = -2. What is the tens digit of g?
1
Suppose 5*f - 349 = -3*h + 